{"id":106,"date":"2016-09-29T13:35:05","date_gmt":"2016-09-29T13:35:05","guid":{"rendered":"http:\/\/erlijo.com\/?page_id=106"},"modified":"2020-07-13T06:43:44","modified_gmt":"2020-07-13T06:43:44","slug":"nordpneus","status":"publish","type":"page","link":"https:\/\/erlijo.com\/?page_id=106","title":{"rendered":"Nordpneus"},"content":{"rendered":"<p><img loading=\"lazy\" decoding=\"async\" class=\"aligncenter size-full wp-image-112\" src=\"https:\/\/erlijo.com\/wordpress\/wp-content\/uploads\/nordpneus-800-2.jpg\" alt=\"nordpneus-800\" width=\"798\" height=\"188\" \/><\/p>\n<h4><a href=\"https:\/\/www.nordpneus.com\/\" target=\"new\">https:\/\/www.nordpneus.com\/<\/a><\/h4>\n<p><strong>Nordpneus Pommerloch<\/strong><br \/>\nCentre commercial Knauf-Pommerloch<br \/>\nPommerloch<\/p>\n<p>T\u00e9l : +352 26.95.00.72<br \/>\nFax : +352 26.95.08.10<br \/>\nE-mail : pommerloch@nordpneus.com<\/p>\n<p>Ouvert du mardi au samedi<br \/>\nde 9 \u00e0 12 et de 13 \u00e0 18 heures<br \/>\nFerm\u00e9 le lundi et dimanche<\/p>\n<p><img loading=\"lazy\" decoding=\"async\" class=\"aligncenter size-full wp-image-120\" src=\"https:\/\/erlijo.com\/wordpress\/wp-content\/uploads\/nordpneus.jpg\" alt=\"nordpneus\" width=\"980\" height=\"457\" srcset=\"https:\/\/erlijo.com\/wordpress\/wp-content\/uploads\/nordpneus.jpg 980w, https:\/\/erlijo.com\/wordpress\/wp-content\/uploads\/nordpneus-300x140.jpg 300w, https:\/\/erlijo.com\/wordpress\/wp-content\/uploads\/nordpneus-768x358.jpg 768w\" sizes=\"auto, (max-width: 980px) 100vw, 980px\" \/><\/p>\n","protected":false},"excerpt":{"rendered":"<p>https:\/\/www.nordpneus.com\/ Nordpneus Pommerloch Centre commercial Knauf-Pommerloch Pommerloch T\u00e9l : +352 26.95.00.72 Fax : +352 26.95.08.10 E-mail : pommerloch@nordpneus.com Ouvert du mardi au samedi de 9 \u00e0 12 et de 13 \u00e0 18 heures Ferm\u00e9 le lundi et dimanche<\/p>\n","protected":false},"author":3,"featured_media":0,"parent":0,"menu_order":0,"comment_status":"closed","ping_status":"closed","template":"","meta":{"footnotes":""},"class_list":["post-106","page","type-page","status-publish","hentry"],"_links":{"self":[{"href":"https:\/\/erlijo.com\/index.php?rest_route=\/wp\/v2\/pages\/106","targetHints":{"allow":["GET"]}}],"collection":[{"href":"https:\/\/erlijo.com\/index.php?rest_route=\/wp\/v2\/pages"}],"about":[{"href":"https:\/\/erlijo.com\/index.php?rest_route=\/wp\/v2\/types\/page"}],"author":[{"embeddable":true,"href":"https:\/\/erlijo.com\/index.php?rest_route=\/wp\/v2\/users\/3"}],"replies":[{"embeddable":true,"href":"https:\/\/erlijo.com\/index.php?rest_route=%2Fwp%2Fv2%2Fcomments&post=106"}],"version-history":[{"count":12,"href":"https:\/\/erlijo.com\/index.php?rest_route=\/wp\/v2\/pages\/106\/revisions"}],"predecessor-version":[{"id":159,"href":"https:\/\/erlijo.com\/index.php?rest_route=\/wp\/v2\/pages\/106\/revisions\/159"}],"wp:attachment":[{"href":"https:\/\/erlijo.com\/index.php?rest_route=%2Fwp%2Fv2%2Fmedia&parent=106"}],"curies":[{"name":"wp","href":"https:\/\/api.w.org\/{rel}","templated":true}]}}